t q(j) = j**2 + 11*j + 3. Let z be q(-10). Is w(z) a composite number?
True
Let c = 301 - 299. Suppose -2*j + i = -9188, 2*j = -c*i - 3*i + 9176. Is j a composite number?
True
Suppose -12*f + 439449 + 398643 = 0. Is f a prime number?
False
Let c(p) = -p**2 + 2*p + 10. Let g be c(4). Suppose o = g*i + 4731, -4*i = -9*i + 20. Is o a composite number?
True
Suppose f - 32815 = -2*x, -5*f - 14 = 1. Is 4/(-18) - x/(-9) a composite number?
False
Suppose 419*k = 442*k - 1629211 - 3481090. Is k a prime number?
False
Let t = 208 + -208. Suppose 79*o - 80*o + 391 = t. Is o composite?
True
Is 545014*((6 - (-58)/(-4)) + 9) a prime number?
True
Suppose 0 = 3*h - 25195 - 7076. Suppose -6462 = -p - 4*r + 4296, 0 = p + 5*r - h. Is p a composite number?
True
Suppose 2*o + 0*w = 2*w - 856, -1757 = 4*o + 5*w. Let j = 2892 + o. Is j composite?
False
Let d(q) = q**3 - 16*q**2 - 35*q - 16. Let m be d(18). Let r(i) = 525*i - 11. Is r(m) a composite number?
False
Suppose 5*z - 7*z + 3*d + 142822 = 0, z - 71413 = d. Is z a composite number?
True
Let p be ((-232)/20)/(0 + 3/15). Let n = -74 - p. Is (14 + n)/((-2)/4529) composite?
True
Let r = 145 - 151. Is (-2 + (-106131)/r)*2/3 a prime number?
False
Let x(z) = -4*z**3 - 99*z**2 + 138*z + 87. Is x(-46) a prime number?
True
Suppose 0 = -2*l - 4, -a + l + 2*l = 4723. Let w = -9098 - a. Is -1 + (-63)/(-77) + w/(-11) a composite number?
False
Let p = 1107 + -2004. Let h = p - -1390. Is h composite?
True
Let r = -6173 - -23790. Is r a composite number?
True
Is 151516 - (42/(-91))/((-24)/78)*-2 a prime number?
False
Suppose 88*i - 11002380 = 28*i. Is i a composite number?
False
Let n = -222 - -936. Let t = n - 359. Is t a prime number?
False
Let w(v) = 1281*v**2 - 16*v + 56. Is w(-13) a prime number?
False
Let h be (-2)/4 + (-45)/(-18). Let u(w) = 11*w**h + 8*w**2 + 23*w + 11 - w**3 - 2. Is u(19) composite?
True
Let v be (-1 + 2)/(28/(-364)). Is (2503/(-4))/(v/52) a composite number?
False
Suppose -3*r + 55840 = 5*l, 11190 = l - 12*r + 17*r. Suppose 25*h - l = -10*h. Is h composite?
True
Suppose -3*a + 0*a = 0. Let d = 16768 + -10184. Suppose a = 4*r - 4*o - 8792, 3*r - 4*o = o + d. Is r composite?
False
Let v = 181521 - 127084. Is v a composite number?
False
Suppose -12*j + 1904 = -2164. Let g = j - -196. Is g composite?
True
Let y(m) = -302*m + 11. Let n = -32 + 17. Is y(n) a composite number?
True
Let m be (-25511)/(-388) - (3/(-4))/3. Suppose m*d = 60*d + 45546. Is d composite?
False
Suppose 1365*k - 1369*k = 91544 - 280492. Is k a prime number?
True
Suppose 5*z - 9572 = -b, 5*b - 5*z - 1733 - 45977 = 0. Let c = -6196 + b. Is c a prime number?
False
Let f(z) = -71*z + 7. Let b = 13 + -20. Let l be f(b). Let d = l + -125. Is d a composite number?
False
Let n = 298 + -204. Let l = 547 + n. Is l prime?
True
Let c(j) = 1266*j**2 - 931*j - 61. Is c(22) a prime number?
False
Suppose 6*j - 154070 = -4*j. Suppose 12*a - j = 5*a. Is a prime?
False
Suppose x + 5*k - 188 + 5216 = 0, 0 = k + 4. Let l = 8685 + x. Is l a prime number?
True
Let c(k) be the second derivative of -47*k**3/2 + 377*k**2/2 + 30*k - 3. Is c(-24) a prime number?
True
Suppose 13*d - 30*d + 1955 = 0. Suppose 426 = c - d. Is c a composite number?
False
Let g(q) = -q**3 + 10*q**2 - 6*q + 11. Let i be g(5). Suppose 8*k - 9*k - 97 = 0. Let m = i - k. Is m prime?
False
Let i(s) = 5*s + 2. Let u be i(0). Let m(n) = 3 + 9*n**2 - n + 46*n**3 - 3*n - 8*n**u. Is m(2) composite?
False
Let n be ((-19480)/(-3))/(-2)*195/(-130). Let d = -2367 + n. Is d a prime number?
True
Suppose -20*j = -16*j - 10664. Suppose -7*b + 386 + j = 0. Suppose -11*g + b = -5361. Is g prime?
False
Suppose 0 = 197*r - 17160725 + 12373956 - 25514589. Is r prime?
False
Let c(n) = 8*n**3 + 56*n**2 + 87*n + 151. Is c(28) a prime number?
True
Is (-1)/(6*3/3572238*(-10)/30) a prime number?
True
Suppose -2162800 + 230290 = -30*c. Is c prime?
False
Suppose 35128752 = -7286*m + 7334*m. Is m prime?
False
Let d = -28017 - -49840. Is d composite?
True
Let m be 6 + 0 + 0 + 1. Suppose 3*b - 4*b = -m. Let j(c) = -c**3 + 6*c**2 + 9*c. Is j(b) composite?
True
Let z = -5222 + 12326. Suppose 11*m = -z + 55691. Is m a prime number?
False
Is -2*2*(-2970251)/76 a prime number?
True
Let h = -26 + 26. Let b(f) = -f**3 + f**2 - 2*f + 10133. Is b(h) prime?
True
Let f = 1789 + -54. Suppose -f = 121*y - 126*y. Let z = y - 190. Is z a composite number?
False
Suppose 33*z - q = 36*z + 20578, -q + 20576 = -3*z. Let w = z + 11124. Is w composite?
True
Suppose x + 635 = 4*w + 13, 0 = 4*x + 3*w + 2564. Is (-2 - x) + 6/((-36)/30) prime?
True
Suppose -2*m = -r - m + 58564, 0 = 2*r - m - 117133. Suppose -r = -7*f - 14*f. Is f composite?
False
Suppose -101399 = -8*h - 18591. Is h - 2*(6 - 3) a prime number?
False
Suppose -3*i - 287418 = -3*x, 116250 + 266995 = 4*x + 3*i. Is x a composite number?
True
Suppose 4*w = 34 + 1434. Let x = 1279 + w. Suppose 5*h = -3*b + x, b = h - 282 - 52. Is h a composite number?
False
Let d = -115 - -120. Suppose -d*j + v = -9931, -j + 0*j + 4*v + 1971 = 0. Is j a composite number?
False
Suppose -4*h - 5*m = -41, 13 = -2*h - 5*m + 46. Suppose 16 = -h*g, 0*u + 2*u = 2*g + 12. Is 1 + (-174)/((-12)/128*u) composite?
False
Suppose 11*h - 272 = 3*h. Let s = 34 - h. Suppose -3*g - g = 3*i - 9986, s = -3*g + 4*i + 7477. Is g a prime number?
False
Suppose -4*g = d - 4 + 1, -2 = 2*d + 4*g. Let l be d/10*-2*2. Suppose -4*q - l*q + 12270 = 0. Is q a composite number?
True
Let j(y) = 7315*y**3 + 2*y**2 - 8*y + 40. Is j(3) a composite number?
False
Is 1/9 + (8 - (-8777588)/279) a composite number?
False
Let o(a) = -a + 4. Let l(v) = 717*v + 31. Let s(k) = l(k) + 3*o(k). Is s(16) prime?
True
Suppose 887*x - 855*x - 7773728 = 0. Is x a composite number?
True
Let p(v) = 20714*v + 4031. Is p(9) a prime number?
False
Let x be 0/((-24)/(-4)*(-2)/4). Suppose -26 = -5*f + 2*w, 2*w + 3*w + 15 = x. Suppose -f*k = -p + 109, 4*k - 617 = -8*p + 3*p. Is p a composite number?
True
Is 75/(-15)*11240371/(-145) composite?
True
Suppose 6*s - 119367 = -0*s + 325527. Is s a composite number?
False
Let x(q) = 11*q - 19. Let o be x(5). Suppose 0 = 6*m - o*m + 154590. Is m composite?
False
Let q(g) = g**2 - 5*g - 2. Let f be q(6). Let x(c) = 3*c - 15. Let k be x(6). Suppose 2*s - 794 = f*z, k*s - 3*z = -0*z + 1206. Is s a composite number?
True
Let k(j) = 94*j - 561. Let x be k(6). Suppose 113437 = x*l + 2*z, -102*l - 4*z = -105*l + 113425. Is l a composite number?
False
Let h(k) = -861*k**2 + 7*k - 59. Let y(g) = -859*g**2 + 6*g - 61. Let t(u) = -7*h(u) + 6*y(u). Is t(4) a prime number?
True
Let k(d) be the first derivative of 453*d**2/2 - 42*d + 8. Is k(3) a composite number?
True
Let d be 0 + 10*(1 + (-20)/8). Let k be (-40)/d*2274/8. Let f = k - 435. Is f prime?
False
Let y(q) = -q**2 + 13*q + 3. Let u be y(14). Let r(o) = 8*o**2 - 30*o - 15. Is r(u) prime?
True
Let q(r) = -10 + 43*r**2 - 39*r - 13 - 55*r**2 + 24*r**2. Is q(10) composite?
False
Let q(g) = 498*g**2 - 6*g + 6. Let r be q(6). Let v = r - 32001. Is (1/(-3))/(3/v) a prime number?
True
Suppose -32*w + 6 = -33*w. Is ((-34873)/(-86))/((-1)/w) a composite number?
True
Let l(a) = 209208*a**2 - 85*a - 80. Is l(-1) prime?
True
Let o(f) = 9*f**2 - 2*f - 5. Let y(c) = c**2 - c + 1. Suppose 4*h - 5 + 1 = 0. Let m(t) = h*o(t) - 6*y(t). Is m(12) a composite number?
True
Let s(c) = -16*c**2 - 4. Let b(u) be the first derivative of u**3/3 - 12. Let v(j) = -5*b(j) - s(j). Is v(3) prime?
True
Suppose 0 = -2*j, -j - 2*j - 8 = -2*a. Suppose 3*u - 4*r - 7 = -149, 182 = -a*u - 2*r. Is 22/(6/u*8/(-12)) prime?
False
Let k(i) = i**3 - 3*i**2 - 10*i + 1. Let t be k(5). Let o = t - 0. Is (9 + -10)*-1*o*1759 prime?
True
Suppose 51*y = 58*y. Suppose 2*x + 15*x - 29869 = y. Is x a prime number?
False
Suppose 3*h + 9 = -2*h - 2*z, -3*h = 5*z + 13. Is 3 + (h - (-20)/(-8)*-3678) composite?
True
Let p = -50 + 47. Let h(b) = b**3 + 3*b**2 - 3*b - 4. Let n be h(p). Suppose -4*q - 7416 = -5*z + 11807, -3832 = -z + n*q. Is z a prime number?
True
Let x = 2 + -6. Let r be (-23327)/(-5) + x/10. Suppose 0 = -57*s + 60*s - r. Is s a prime number?
False
Suppose -321*g + 121*g + 62611306 = 134*g. Is g prime?
False
Let c(f) be the first derivative of -19*f**3/2 - 17*f**2 + 16*f - 35. Let l(t) be the first derivative 